- -127. Calculate the remainder when z is divided by 22.
20
Let q(p) = 2*p - 3. Let c be q(4). Suppose -3*u + c*u = 16. Calculate the remainder when 22 is divided by u.
6
Let g(i) = -i**3 + 2*i**2 + 4*i + 10. What is the remainder when g(-5) is divided by 24?
21
Let l = 13 + -11. What is the remainder when l is divided by 1?
0
Let g(x) = x**3 - 8*x**2 - 6*x - 4. Calculate the remainder when 91 is divided by g(9).
22
Let g be (38 + -2 - 1)*1. Let c = -15 + g. What is the remainder when c is divided by 7?
6
Let a be (-3)/1*(-3)/(-1). Let t(d) = -d - 3. Let p be t(a). Suppose -18 = -2*i - p. What is the remainder when 23 is divided by i?
5
Let q = -1 - -2. Calculate the remainder when 2 - q/(1/(-41)) is divided by 15.
13
Let j(b) = b**2 - 20*b + 50. What is the remainder when j(20) is divided by 27?
23
Suppose -5*v + 115 = 3*m, 4*v = 5*m + 64 + 28. Calculate the remainder when 91 is divided by v.
22
Let n be 1*(-3)/((-3)/(-4)). Let a = n - -5. What is the remainder when 15 is divided by 1 + a - 12/(-2)?
7
Calculate the remainder when (-18)/6 - 52*-2 is divided by 26.
23
Let n = 366 + -252. What is the remainder when n is divided by 29?
27
Suppose k + 2 = 16. Let b = 56 + -41. Calculate the remainder when (0 - 6)/((-3)/k) is divided by b.
13
Let d(b) be the first derivative of -b**5/40 - b**4/8 + b**3 - 1. Let q(l) be the third derivative of d(l). Calculate the remainder when 8 is divided by q(-2).
2
Let g = -7 + 16. Calculate the remainder when g is divided by 0 - -4 - ((-30)/(-5) - 8).
3
Let c(g) = -2*g + 1. Let a be c(-1). Suppose o - 18 = -2*y, a*y + 10 = -o + 35. Calculate the remainder when y is divided by 3.
1
Let a be 2/(-11) + (-436)/22. Let v(n) = n**2 - 8*n + 8. Let s be v(6). Calculate the remainder when 5/a + (-221)/s is divided by 19.
17
Let a = 72 - 48. What is the remainder when 70 is divided by a?
22
Let j(m) = m + 2. Calculate the remainder when j(12) is divided by (-1*5)/(-1*1).
4
Let m be ((-1)/3)/(2/(-366)). Let k = m - 35. Suppose -21 = b - 4*b. Calculate the remainder when k is divided by b.
5
Let c be 2/4 + (-178)/(-4). Let q = c - 14. Calculate the remainder when q is divided by 16.
15
Suppose -5*i - 4*z + 182 = 0, 4*i - 3*z - 207 = -49. Let h = -10 + 20. Calculate the remainder when i is divided by h.
8
Suppose -11 = -3*p + 4*k, -2*k - 1 + 8 = p. Let h be 3/(-2)*(3 - p). Suppose 7*g + w - 44 = 3*g, -4*g + 36 = h*w. What is the remainder when 23 is divided by g?
11
Calculate the remainder when 106 is divided by 69/3 + (-3 - -7).
25
Suppose 0 = 4*s + 3*b + 6 - 3, -s - b = 2. Calculate the remainder when 4 - (1 + (-2)/8)*4 is divided by 1/s*(-2 - -5).
0
Let j = -106 - -160. Calculate the remainder when 101 is divided by j.
47
Suppose 8 = -p - 2*s, -p + 2*s = 2*p - 16. Let z = 0 - -4. Calculate the remainder when z is divided by p.
0
Let q(h) = -11*h + 5. Calculate the remainder when 75 is divided by q(-2).
21
What is the remainder when 30 is divided by (-3)/(-2) + 13/2?
6
Let q = 15 + -4. Calculate the remainder when q is divided by 4.
3
Suppose 2*d + 6 = -4*j + 4, -3*j = 2*d + 4. Suppose -o + 2 = -j. Suppose 2*y = -2*q - 0*y + 24, -4*q + 33 = y. Calculate the remainder when q is divided by o.
3
Let x = 2 - -3. Suppose x*r = 3*r + 16. Calculate the remainder when r is divided by 5.
3
Suppose 13 - 107 = -2*w. Calculate the remainder when w is divided by 17.
13
Suppose 2*d = -0*d + 4*l + 44, 5*d - 3*l - 75 = 0. What is the remainder when (-3)/d - (-266)/8 is divided by 17?
16
Suppose -u - 3 = -2*i + 25, -4*u + 32 = 4*i. Suppose 0 = a - 10 - i. Calculate the remainder when a is divided by 74/6 + (-2)/6.
10
Suppose o + 3 = c, -c - 4*o - 30 = 4*c. Let z = 0 - -3. Calculate the remainder when (14/4)/(c/(-4)) is divided by z.
1
Let k = -91 - -132. Calculate the remainder when 79 is divided by k.
38
Let u = -64 + 91. What is the remainder when -3 + 2 - (0 - u) is divided by 6/(-51) + (-155)/(-51)*3?
8
Let b = -4 + 6. Suppose -g = 2*o - b*g - 14, g = -3*o + 11. Suppose 6*a - 2*a - 56 = 0. What is the remainder when a is divided by o?
4
Let q(d) = -d**3 - d**2 + 1. Let g be q(-2). Let w be (-2)/g + (-74)/(-10). Suppose u = 20 - w. What is the remainder when 37 is divided by u?
11
Let f(g) = 4 - 4 + 4*g + 4. What is the remainder when 31 is divided by f(3)?
15
Suppose -11 = -p + 25. Calculate the remainder when p is divided by 10.
6
Let n = 0 - 4. Let b = n + 8. Suppose c + b*j - 163 = -2*c, -j + 151 = 3*c. Calculate the remainder when c is divided by 17.
15
Let v(o) = o**2 - 2. Let b be v(0). Let z(m) = -m**3 - m**2 - 3*m - 2. Let d be z(b). Calculate the remainder when (-116)/d*2*-1 is divided by 15.
14
Suppose -56 + 256 = 4*k. Let y = k + 6. Suppose 5*n - 3*q = 140, 3*n + 5*q = n + y. What is the remainder when n is divided by 15?
13
Suppose 4*h - 5*n - 15 = 0, n + 3 = h - 5*h. Suppose -2*i - 309 = -6*i + 3*y, y + 3 = h. Let x = i + -2. Calculate the remainder when x is divided by 19.
16
Suppose -4 = 3*t + 5, -5*t = b + 13. Calculate the remainder when b is divided by 4/(-30)*3*-5.
0
Let q(a) = -3*a**2 - 39*a + 1. Let l(s) = -2*s**2 - 26*s + 1. Let c(x) = -7*l(x) + 5*q(x). Calculate the remainder when 19 is divided by c(-12).
9
Let t = -6 - -23. Suppose -2*z + 5*k = -t, 5*k = -3*z + 2*z + 1. Calculate the remainder when z is divided by 4.
2
Suppose -9*o = -7*o - 18. What is the remainder when 24 is divided by o?
6
Suppose -2*m = -3*p - 153, -2*m - 4*p + 35 = -83. Let k(z) = -z**2 + 9*z - 2. Let t = -7 - -11. Calculate the remainder when m is divided by k(t).
15
Let i(g) = g + 17. Let v(p) = -p**3 - p. Let u be v(0). What is the remainder when i(u) is divided by 5?
2
Suppose -4*d - 5*q = -0*d - 8, 5*d + q = -11. Let u be 3*-1*(d - -2). Suppose 0 = t + u*t - 116. Calculate the remainder when t is divided by 10.
9
Let m be (-58)/5 - 4/10. Let v be 1/(-1 + m/(-10)). Suppose -k - 48 = -v*k. What is the remainder when 22 is divided by k?
10
Suppose -1 = r, x + 5*r + 5 + 2 = 0. Suppose 6 - 32 = -w + 5*o, 3*o = -2*w + 13. Calculate the remainder when ((-18)/12)/(x/28) is divided by w.
10
Let t be -1 - 0 - (-5 - -1). Suppose -t*r = 6 - 21. Suppose -2*f - 5*b = -6, 2*f - r = 2*b + 1. What is the remainder when f is divided by 3?
0
Let g = 7 - 7. Suppose 4*y - 12 + g = 0. What is the remainder when 4 is divided by y?
1
Suppose -1 = c - 2*f, 0*c - f = 2*c + 22. Let l be (-6)/((c/6)/1). Let w(r) = 4*r - 5. Calculate the remainder when 31 is divided by w(l).
9
Let x = -16 + 26. Let m(n) = n**3 - n**2 + 2*n + 3. Let f(w) = w**2 - 7*w + 3. Let l be f(7). Calculate the remainder when m(l) is divided by x.
7
Let z = -17 + 39. What is the remainder when (-2*1)/((-8)/340) is divided by z?
19
Let k(i) = 127*i**2 - i + 2. What is the remainder when k(1) is divided by 26?
24
Let a be (-4)/(-18) - 680/(-18). Let g = -2 + a. Suppose 4*f - 5*u - 83 = -20, g = 2*f - 4*u. What is the remainder when 22 is divided by f?
10
Let a(t) = t**3 + 5*t**2 - 2*t + 4. What is the remainder when ((-2)/(-1) + 3)/(2/10) is divided by a(-5)?
11
Let w(x) = -x**3 + 6*x**2 - 5*x + 3. Let q(g) = -2*g - 1. Let r be q(-3). What is the remainder when w(r) is divided by 2?
1
Let z(m) = m - 2. Let t = -8 + 16. Suppose 5*c - t - 7 = 0. Calculate the remainder when z(7) is divided by c.
2
Suppose 62 + 143 = 5*s. Let k = s + -69. What is the remainder when 0 + (-1 - 0) - k is divided by 14?
13
Suppose 7*i - 145 = 58. Calculate the remainder when i is divided by 16.
13
Suppose 0 = f + t - 22, -2*f + 69 = -6*t + 3*t. Calculate the remainder when 78 is divided by f.
24
Let n = -148 + 234. Suppose a + n = 6*a + 3*l, -4*l - 24 = -2*a. What is the remainder when a is divided by 9?
7
Suppose 1079 = 18*p + 107. Calculate the remainder when p is divided by 11.
10
What is the remainder when ((-1548)/(-9))/((-2)/(-1)) is divided by 23?
17
Suppose 5*x + 5*b - 50 = 0, 2*x - 11 = b - 0*b. Let j be (10/8)/(2/248). Suppose x*w = 2*w + j. What is the remainder when w is divided by 11?
9
Suppose 2*h = 17 - 3. Let y = -8 + 26. Calculate the remainder when y is divided by h.
4
Suppose -s - 125 = -6*s. Let i = s + -18. Let g = 5 - 1. What is the remainder when i is divided by g?
3
Calculate the remainder when 90 is divided by 12*(-3)/((-15)/10).
18
Suppose 2*x - 2*z + 3*z - 10 = 0, 0 = -3*x + z + 15. Su